Is 9840162 a multiple of 411?
True
Is 18 a factor of 33987?
False
Does 50 divide 5358100?
True
Is 13 a factor of 208326?
False
Is 31 a factor of 148642?
False
Does 6 divide 21391?
False
Does 649 divide 895231?
False
Is 13 a factor of 1572629?
False
Does 8 divide 148352?
True
Does 23 divide 753917?
True
Does 48 divide 346176?
True
Is 2436180 a multiple of 76?
True
Is 22 a factor of 294668?
True
Is 1443049 a multiple of 973?
False
Is 5995286 a multiple of 319?
True
Is 219 a factor of 1241073?
True
Is 14 a factor of 466060?
True
Does 59 divide 892906?
True
Is 13 a factor of 922548?
False
Does 44 divide 19805?
False
Is 87750 a multiple of 37?
False
Is 39 a factor of 508950?
True
Is 37 a factor of 931845?
True
Is 7632459 a multiple of 20?
False
Is 336408 a multiple of 24?
True
Is 4994720 a multiple of 62?
True
Is 267612 a multiple of 58?
True
Is 4 a factor of 165916?
True
Is 1251650 a multiple of 90?
False
Does 558 divide 5315891?
False
Is 1696092 a multiple of 4?
True
Is 30 a factor of 9573129?
False
Is 54 a factor of 85276?
False
Does 54 divide 547177?
False
Is 43 a factor of 535866?
True
Does 15 divide 5116110?
True
Does 4 divide 20190?
False
Is 54 a factor of 40369?
False
Is 2075858 a multiple of 723?
False
Does 39 divide 9852063?
True
Does 126 divide 151578?
True
Is 187 a factor of 3629670?
True
Is 1341 a factor of 7040250?
True
Is 20600 a multiple of 5?
True
Is 11542106 a multiple of 62?
True
Is 681096 a multiple of 13?
True
Does 19 divide 49837?
True
Is 2266628 a multiple of 479?
True
Does 705 divide 493500?
True
Is 34976 a multiple of 143?
False
Is 6493929 a multiple of 39?
True
Is 182181 a multiple of 486?
False
Does 16 divide 141773?
False
Is 101031 a multiple of 32?
False
Does 13 divide 1868295?
True
Is 373965 a multiple of 14?
False
Does 42 divide 298484?
False
Does 21 divide 329460?
False
Is 9 a factor of 37192?
False
Does 287 divide 284130?
True
Is 60513 a multiple of 83?
False
Is 8428560 a multiple of 28?
True
Is 66 a factor of 102596?
False
Is 35323 a multiple of 351?
False
Is 5602948 a multiple of 428?
True
Is 11424072 a multiple of 33?
True
Does 150 divide 971100?
True
Is 191 a factor of 31706?
True
Is 638 a factor of 406226?
False
Is 126 a factor of 318534?
False
Does 2 divide 51203?
False
Is 68 a factor of 1470942?
False
Is 1166326 a multiple of 34?
False
Is 518 a factor of 16268635?
False
Does 15 divide 8271995?
False
Is 2338284 a multiple of 169?
True
Is 5 a factor of 268624?
False
Does 16 divide 82192?
True
Is 774258 a multiple of 258?
True
Does 10 divide 2630260?
True
Is 5 a factor of 111429?
False
Does 16 divide 83296?
True
Is 248172 a multiple of 108?
False
Is 21611 even?
False
Does 11 divide 11092607?
False
Is 794760 a multiple of 185?
True
Is 3396252 a multiple of 219?
True
Is 73560 a multiple of 30?
True
Does 3 divide 94747?
False
Is 810120 a multiple of 157?
True
Is 19342 a multiple of 5?
False
Is 68 a factor of 539659?
False
Is 40 a factor of 153600?
True
Does 50 divide 2900713?
False
Does 9 divide 1563163?
False
Is 16 a factor of 714400?
True
Is 536375 a multiple of 7?
True
Is 468 a factor of 1842048?
True
Is 1791750 a multiple of 6?
True
Does 11 divide 118184?
True
Is 370 a factor of 18628020?
True
Is 27 a factor of 179199?
True
Is 129847 a multiple of 41?
True
Does 14 divide 3294695?
False
Is 742401 a multiple of 37?
False
Does 2 divide 383720?
True
Does 4 divide 5390?
False
Is 10524 a multiple of 6?
True
Is 101605 a multiple of 59?
False
Is 18 a factor of 12727328?
False
Is 128 a factor of 961152?
True
Does 190 divide 601868?
False
Does 29 divide 1081369?
False
Does 13 divide 52650?
True
Is 13291900 a multiple of 10?
True
Is 303631 a multiple of 5?
False
Does 24 divide 93888?
True
Does 2 divide 436450?
True
Is 594750 a multiple of 25?
True
Is 42177 a multiple of 17?
True
Is 72 a factor of 1395432?
True
Does 269 divide 1958022?
False
Is 5282623 a multiple of 35?
False
Is 462 a factor of 2321549?
False
Is 4911424 a multiple of 380?
False
Is 1259 a factor of 3579272?
False
Is 76531 a multiple of 13?
True
Is 55351 a multiple of 63?
False
Is 401 a factor of 312808?
False
Does 90 divide 18133200?
True
Is 131 a factor of 5271964?
True
Is 221 a factor of 737698?
True
Is 8 a factor of 961904?
True
Does 9 divide 36396?
True
Does 5 divide 92506?
False
Does 15 divide 10090613?
False
Is 202 a factor of 500356?
False
Does 22 divide 5030817?
False
Is 59 a factor of 39766?
True
Is 135 a factor of 117735?
False
Is 162 a factor of 1815614?
False
Does 23 divide 6829745?
False
Is 6 a factor of 1034334?
True
Does 167 divide 3576806?
True
Is 13 a factor of 665544?
False
Does 785 divide 3495605?
True
Is 5 a factor of 4996150?
True
Is 45 a factor of 129154?
False
Is 14 a factor of 736902?
False
Is 627 a factor of 580118?
False
Is 84 a factor of 1184904?
True
Is 191968 a multiple of 52?
False
Does 7 divide 4797552?
False
Is 327405 a multiple of 479?
False
Does 360 divide 942840?
True
Is 15 a factor of 1688139?
False
Does 173 divide 16983398?
False
Does 144 divide 326651?
False
Is 953850 a multiple of 30?
True
Is 31 a factor of 2595413?
True
Is 56573 a multiple of 143?
False
Is 34 a factor of 37331?
False
Is 10 a factor of 4649314?
False
Is 68758 a multiple of 31?
True
Does 39 divide 728980?
False
Does 33 divide 1453378?
False
Is 99 a factor of 125276?
False
Is 33 a factor of 572995?
False
Does 18 divide 1289105?
False
Is 177 a factor of 16743083?
False
Is 447 a factor of 2624784?
True
Does 16 divide 734624?
True
Is 140385 a multiple of 7?
True
Does 63 divide 2358153?
True
Is 682805 a multiple of 145?
True
Is 29 a factor of 1077350?
True
Is 288104 a multiple of 30?
False
Is 10845524 a multiple of 1092?
False
Is 3128454 a multiple of 147?
True
Does 416 divide 748384?
True
Is 2277388 a multiple of 626?
True
Is 121 a factor of 104456?
False
Does 11 divide 8392747?
True
Is 152826 a multiple of 52?
False
Does 10 divide 136530?
True
Is 236 a factor of 1378265?
False
Is 224609 a multiple of 33?
False
Does 10 divide 151288?
False
Is 3607864 a multiple of 26?
True
Is 26 a factor of 457444?
True
Is 1802808 a multiple of 73?
True
Does 8 divide 92600?
True
Is 382518 a multiple of 18?
True
Is 37 a factor of 52687?
False
Is 11 a factor of 1432851?
False
Is 6762260 a multiple of 17?
True
Is 24 a factor of 6066168?
True
Is 508536 a multiple of 252?
True
Does 7 divide 52257?
False
Is 15018211 a multiple of 18?
False
Is 520 a factor of 3140280?
True
Is 3 a factor of 186474?
True
Is 205368 a multiple of 172?
True
Is 5361282 a multiple of 983?
True
Does 21 divide 213045?
True
Does 1942 divide 16192396?
True
Is 34 a factor of 51850?
True
Is 1773662 a multiple of 22?
True
Is 858648 a multiple of 1064?
True
Does 5 divide 4935390?
True
Is 407 a factor of 328731?
False
Does 4 divide 59229?
False
Is 301 a multiple of 64?
False
Is 208 a factor of 190801?
False
Is 142 a factor of 182247?
False
Is 674875 a multiple of 43?
False
Does 42 divide 97059?
False
Is 109 a factor of 433913?
False
Does 8 divide 223013?
False
Does 72 divide 18972720?
True
Does 8 divide 1042192?
True
Does 9 divide 23886?
True
Is 5078580 a multiple of 102?
True
Is 400931 a multiple of 38?
False
Is 64 a factor of 494848?
True
Does 29 divide 2016747?
True
Is 32 a factor of 2850656?
True
Does 4 divide 49518?
False
Does 205 divide 278800?
True
Does 89 divide 8901696?
False
Is 11 a factor of 392810?
True
Is 967 a factor of 14858058?
False
Is 299 a factor of 140530?
True
Does 70 divide 1086890?
True
Is 399968 a multiple of 232?
True
Does 11 divide 310142?
False
Is 18 a factor of 65274?
False
Is 367037 a multiple of 12?
False
Is 1589364 a multiple of 7?
True
Does 2 divide 7153?
False
Does 15 divide 533655?
True
Is 158764 a multiple of 4?
True
Is 11 a factor of 346627?
False
Is 4879340 a multiple of 20?
True
Is 573 a factor of 134082?
True
Is 262528 a multiple of 448?
True
Is 15 a factor of 3100882?
False
Does 28 divide 1368024?
True
Does 290 divide 4782680?
True
Is 737 a factor of 16307323?
False
Does 20 divide 232100?
True
Does 64 divide 12711299?
False
Is 873985 a multiple of 7?
True
Is 17 a factor of 1974853?
False
Does 162 divide 791046?
True
Is 1455420 a multiple of 378?
False
Is 664643 a multiple of 3?
False
Is 368339 a multiple of 7?
False
Does 275 divide 5963925?
True
Does 106 divide 682808?